nd 4008?
167
Calculate the greatest common factor of 2800 and 33470.
10
Calculate the highest common factor of 892 and 1188.
4
What is the highest common factor of 454641 and 12144?
759
Calculate the greatest common divisor of 605 and 515.
5
What is the highest common factor of 490 and 26530?
70
What is the highest common divisor of 80134 and 412?
206
Calculate the highest common factor of 2076218 and 1036.
74
What is the highest common divisor of 37563 and 1425?
57
Calculate the greatest common factor of 7750 and 16151.
31
Calculate the highest common divisor of 994787 and 29.
29
What is the greatest common factor of 67665 and 975?
195
What is the greatest common factor of 1022 and 43435?
511
What is the greatest common factor of 6061 and 1957?
19
What is the greatest common divisor of 3674 and 67134?
334
What is the highest common factor of 7792148 and 78?
26
Calculate the greatest common divisor of 166208 and 126.
14
Calculate the highest common divisor of 597939 and 6.
3
Calculate the greatest common factor of 308102 and 1778.
254
Calculate the highest common divisor of 205 and 36695.
205
What is the greatest common factor of 16264 and 6840?
152
Calculate the highest common divisor of 53480 and 4480.
280
Calculate the highest common divisor of 26593 and 203.
203
What is the highest common divisor of 4961 and 696597?
121
What is the highest common divisor of 9333 and 57681?
153
Calculate the highest common divisor of 56 and 7768.
8
What is the greatest common factor of 99 and 5469?
3
Calculate the greatest common divisor of 144116 and 98.
14
Calculate the greatest common divisor of 67643 and 519.
173
Calculate the greatest common factor of 63328 and 544.
32
What is the highest common divisor of 380 and 102980?
380
Calculate the greatest common factor of 3750 and 475625.
625
Calculate the greatest common divisor of 411080 and 717.
239
Calculate the greatest common divisor of 115 and 113.
1
Calculate the greatest common divisor of 5742 and 3564.
198
What is the highest common factor of 1 and 14215?
1
What is the greatest common divisor of 129 and 57?
3
Calculate the highest common factor of 136 and 34016.
8
What is the highest common divisor of 1235 and 6825?
65
Calculate the highest common factor of 1592 and 7404392.
1592
What is the greatest common divisor of 2848 and 96?
32
Calculate the greatest common factor of 19570 and 1086650.
1030
Calculate the highest common divisor of 20887 and 22.
1
What is the highest common divisor of 63392 and 364?
28
What is the highest common divisor of 399 and 28896?
21
What is the greatest common factor of 105 and 125535?
15
What is the highest common factor of 44585 and 1110?
185
Calculate the greatest common divisor of 3078 and 33953.
19
Calculate the greatest common divisor of 847 and 5887.
7
What is the highest common factor of 216 and 127467?
27
Calculate the greatest common divisor of 20 and 406170.
10
What is the greatest common divisor of 615 and 2004285?
615
What is the greatest common factor of 1037536 and 32?
32
What is the greatest common divisor of 57 and 2523?
3
What is the highest common factor of 1124910 and 580?
290
What is the greatest common divisor of 12280 and 323885?
1535
What is the highest common divisor of 19932 and 12?
12
Calculate the highest common divisor of 429 and 13233.
33
Calculate the highest common factor of 392 and 1546244.
196
What is the highest common divisor of 1340 and 29748?
268
What is the highest common divisor of 21355 and 7?
1
Calculate the greatest common factor of 20536 and 4352.
136
Calculate the greatest common factor of 91 and 808496.
13
What is the highest common divisor of 3904 and 79788?
244
What is the highest common divisor of 91 and 41548?
13
Calculate the greatest common factor of 154438 and 2812.
74
What is the highest common divisor of 14161 and 34?
17
What is the highest common divisor of 48 and 760542?
6
Calculate the highest common factor of 314548 and 2093.
299
Calculate the greatest common factor of 5033060 and 20.
20
Calculate the highest common factor of 168 and 4676.
28
What is the highest common divisor of 1770 and 135?
15
Calculate the greatest common divisor of 5916 and 136.
68
What is the highest common factor of 30 and 197970?
30
What is the highest common divisor of 6426 and 50694?
714
What is the greatest common divisor of 16332 and 84?
12
Calculate the greatest common factor of 20 and 768140.
20
What is the greatest common factor of 349260 and 240?
60
Calculate the highest common divisor of 328 and 5574852.
164
Calculate the highest common factor of 57 and 3800.
19
What is the greatest common factor of 20 and 2577870?
10
What is the greatest common divisor of 771 and 374963?
257
Calculate the highest common divisor of 248 and 99758.
62
What is the highest common divisor of 206800 and 11374?
1034
Calculate the highest common factor of 876 and 10284.
12
What is the greatest common factor of 153553 and 215?
43
What is the greatest common factor of 1746 and 15326?
194
Calculate the highest common divisor of 269 and 10806537.
269
What is the greatest common divisor of 5971 and 49?
7
What is the greatest common divisor of 19302 and 18?
6
Calculate the highest common factor of 3402 and 271782.
378
Calculate the highest common divisor of 308052 and 28.
4
What is the greatest common divisor of 200 and 680440?
40
Calculate the greatest common factor of 90 and 8360.
10
Calculate the highest common divisor of 38 and 7186.
2
Calculate the highest common factor of 119601 and 485.
97
Calculate the greatest common factor of 1745 and 2525.
5
Calculate the highest common factor of 550 and 814.
22
What is the highest common divisor of 30058 and 672?
14
Calculate the greatest common factor of 2783 and 121.
121
What is the highest common divisor of 618 and 83121?
309
What is the greatest common divisor of 8189 and 95?
19
Calculate the highest common divisor of 295 and 59.
59
What is the highest common divisor of 169864 and 136?
136
What is the greatest common factor of 760 and 11660?
20
Calculate the greatest common divisor of 324 and 852.
12
What is the highest common divisor of 33945 and 1240?
155
Calculate the greatest common factor of 27 and 3780.
27
What is the highest common factor of 50472 and 360?
72
What is the greatest common divisor of 396 and 11660?
44
What is the greatest common divisor of 1 and 16447?
1
Calculate the highest common divisor of 4071 and 54303.
69
What is the highest common divisor of 429 and 4524?
39
Calculate the greatest common factor of 7020 and 8040.
60
Calculate the highest common factor of 14137 and 1139.
67
What is the highest common factor of 4 and 116692?
4
Calculate the highest common factor of 34 and 59194.
34
What is the highest common factor of 217 and 32581?
31
What is the greatest common factor of 2808827 and 1029?
343
What is the greatest common divisor of 2066414 and 21?
7
Calculate the greatest common factor of 35444 and 5.
1
Calculate the greatest common divisor of 20671 and 441.
7
What is the greatest common divisor of 416583 and 162?
81
What is the highest common factor of 1155 and 5740?
35
Calculate the highest common divisor of 55097 and 1547.
119
What is the greatest common factor of 48203 and 86?
43
What is the highest common factor of 44 and 96998?
22
What is the highest common factor of 538424 and 2247?
107
Calculate the highest common factor of 98107 and 53244.
493
Calculate the highest common factor of 3309 and 1016966.
1103
Calculate the highest common factor of 731 and 3698.
43
Calculate the greatest common factor of 13336 and 56.
8
Calculate the highest common factor of 12078 and 84180.
366
What is the greatest common factor of 1235470 and 30?
10
Calculate the highest common divisor of 97465 and 386.
193
Calculate the highest common factor of 38110 and 150.
10
What is the highest common factor of 1105 and 154105?
85
Calculate the greatest common divisor of 22 and 230054.
22
Calculate the greatest common factor of 48498 and 708.
354
Calculate the greatest common factor of 8787 and 1450.
29
Calculate the highest common divisor of 20 and 5993030.
10
Calculate the highest common factor of 30291 and 2415.
69
What is the highest common divisor of 37088 and 2888?
152
Calculate the highest common